[INFO] cloning repository https://github.com/windelbouwman/rspython
[INFO] running `Command { std: "git" "-c" "credential.helper=" "-c" "credential.helper=/workspace/cargo-home/bin/git-credential-null" "clone" "--bare" "https://github.com/windelbouwman/rspython" "/workspace/cache/git-repos/https%3A%2F%2Fgithub.com%2Fwindelbouwman%2Frspython", kill_on_drop: false }`
[INFO] [stderr] Cloning into bare repository '/workspace/cache/git-repos/https%3A%2F%2Fgithub.com%2Fwindelbouwman%2Frspython'...
[INFO] running `Command { std: "git" "rev-parse" "HEAD", kill_on_drop: false }`
[INFO] [stdout] ab986ea25511f8cfb8965aa52831a01f272cc41c
[INFO] checking windelbouwman/rspython against try#72f88fc4e9458f89516a0b8b0868f3718aec5b47 for pr-74989
[INFO] running `Command { std: "git" "clone" "/workspace/cache/git-repos/https%3A%2F%2Fgithub.com%2Fwindelbouwman%2Frspython" "/workspace/builds/worker-11/source", kill_on_drop: false }`
[INFO] [stderr] Cloning into '/workspace/builds/worker-11/source'...
[INFO] [stderr] done.
[INFO] validating manifest of git repo https://github.com/windelbouwman/rspython on toolchain 72f88fc4e9458f89516a0b8b0868f3718aec5b47
[INFO] running `Command { std: "/workspace/cargo-home/bin/cargo" "+72f88fc4e9458f89516a0b8b0868f3718aec5b47" "read-manifest" "--manifest-path" "Cargo.toml", kill_on_drop: false }`
[INFO] started tweaking git repo https://github.com/windelbouwman/rspython
[INFO] finished tweaking git repo https://github.com/windelbouwman/rspython
[INFO] tweaked toml for git repo https://github.com/windelbouwman/rspython written to /workspace/builds/worker-11/source/Cargo.toml
[INFO] crate git repo https://github.com/windelbouwman/rspython already has a lockfile, it will not be regenerated
[INFO] running `Command { std: "/workspace/cargo-home/bin/cargo" "+72f88fc4e9458f89516a0b8b0868f3718aec5b47" "fetch" "--locked" "--manifest-path" "Cargo.toml", kill_on_drop: false }`
[INFO] [stderr]  Downloading crates ...
[INFO] [stderr]   Downloaded ena v0.5.0
[INFO] [stderr]   Downloaded unicode-segmentation v1.0.1
[INFO] [stderr]   Downloaded atty v0.1.2
[INFO] [stderr]   Downloaded ordermap v0.3.0
[INFO] [stderr]   Downloaded serde v1.0.49
[INFO] [stderr]   Downloaded syn v0.13.7
[INFO] [stderr]   Downloaded clap v2.20.0
[INFO] [stderr]   Downloaded serde_derive v1.0.49
[INFO] [stderr]   Downloaded lalrpop-util v0.15.2
[INFO] [stderr]   Downloaded lalrpop-snap v0.15.2
[INFO] [stderr]   Downloaded lalrpop v0.15.2
[INFO] [stderr]   Downloaded lazy_static v0.2.10
[INFO] [stderr]   Downloaded string_cache v0.7.2
[INFO] [stderr]   Downloaded petgraph v0.4.10
[INFO] running `Command { std: "docker" "create" "-v" "/var/lib/crater-agent-workspace/builds/worker-11/target:/opt/rustwide/target:rw,Z" "-v" "/var/lib/crater-agent-workspace/builds/worker-11/source:/opt/rustwide/workdir:ro,Z" "-v" "/var/lib/crater-agent-workspace/cargo-home:/opt/rustwide/cargo-home:ro,Z" "-v" "/var/lib/crater-agent-workspace/rustup-home:/opt/rustwide/rustup-home:ro,Z" "-e" "SOURCE_DIR=/opt/rustwide/workdir" "-e" "CARGO_TARGET_DIR=/opt/rustwide/target" "-e" "CARGO_HOME=/opt/rustwide/cargo-home" "-e" "RUSTUP_HOME=/opt/rustwide/rustup-home" "-w" "/opt/rustwide/workdir" "-m" "1610612736" "--user" "0:0" "--network" "none" "rustops/crates-build-env@sha256:d92eaeed33fa75130ca1ee6c8a01d1ffb62bac859dfdfb3450e3e5d1c0146529" "/opt/rustwide/cargo-home/bin/cargo" "+72f88fc4e9458f89516a0b8b0868f3718aec5b47" "metadata" "--no-deps" "--format-version=1", kill_on_drop: false }`
[INFO] [stdout] 36f811e9ffe6686faddccce8597dcb67d750b9e8deefa16320f5dcaad759d322
[INFO] [stderr] WARNING: Your kernel does not support swap limit capabilities or the cgroup is not mounted. Memory limited without swap.
[INFO] running `Command { std: "docker" "start" "-a" "36f811e9ffe6686faddccce8597dcb67d750b9e8deefa16320f5dcaad759d322", kill_on_drop: false }`
[INFO] running `Command { std: "docker" "inspect" "36f811e9ffe6686faddccce8597dcb67d750b9e8deefa16320f5dcaad759d322", kill_on_drop: false }`
[INFO] running `Command { std: "docker" "rm" "-f" "36f811e9ffe6686faddccce8597dcb67d750b9e8deefa16320f5dcaad759d322", kill_on_drop: false }`
[INFO] [stdout] 36f811e9ffe6686faddccce8597dcb67d750b9e8deefa16320f5dcaad759d322
[INFO] running `Command { std: "docker" "create" "-v" "/var/lib/crater-agent-workspace/builds/worker-11/target:/opt/rustwide/target:rw,Z" "-v" "/var/lib/crater-agent-workspace/builds/worker-11/source:/opt/rustwide/workdir:ro,Z" "-v" "/var/lib/crater-agent-workspace/cargo-home:/opt/rustwide/cargo-home:ro,Z" "-v" "/var/lib/crater-agent-workspace/rustup-home:/opt/rustwide/rustup-home:ro,Z" "-e" "SOURCE_DIR=/opt/rustwide/workdir" "-e" "CARGO_TARGET_DIR=/opt/rustwide/target" "-e" "CARGO_INCREMENTAL=0" "-e" "RUST_BACKTRACE=full" "-e" "RUSTFLAGS=--cap-lints=forbid" "-e" "CARGO_HOME=/opt/rustwide/cargo-home" "-e" "RUSTUP_HOME=/opt/rustwide/rustup-home" "-w" "/opt/rustwide/workdir" "-m" "1610612736" "--user" "0:0" "--network" "none" "rustops/crates-build-env@sha256:d92eaeed33fa75130ca1ee6c8a01d1ffb62bac859dfdfb3450e3e5d1c0146529" "/opt/rustwide/cargo-home/bin/cargo" "+72f88fc4e9458f89516a0b8b0868f3718aec5b47" "check" "--frozen" "--all" "--all-targets" "--message-format=json", kill_on_drop: false }`
[INFO] [stdout] 1aef211c887b502fe05a60acc7aae05ee66bfe81ad68ee9a9baac3d26b1243dc
[INFO] [stderr] WARNING: Your kernel does not support swap limit capabilities or the cgroup is not mounted. Memory limited without swap.
[INFO] running `Command { std: "docker" "start" "-a" "1aef211c887b502fe05a60acc7aae05ee66bfe81ad68ee9a9baac3d26b1243dc", kill_on_drop: false }`
[INFO] [stderr]     Blocking waiting for file lock on package cache
[INFO] [stderr]    Compiling libc v0.2.18
[INFO] [stderr]    Compiling void v1.0.2
[INFO] [stderr]    Compiling winapi-build v0.1.1
[INFO] [stderr]    Compiling lazy_static v0.2.10
[INFO] [stderr]    Compiling serde v1.0.49
[INFO] [stderr]    Compiling winapi v0.2.8
[INFO] [stderr]    Compiling typenum v1.10.0
[INFO] [stderr]    Compiling fixedbitset v0.1.8
[INFO] [stderr]    Compiling ordermap v0.3.0
[INFO] [stderr]    Compiling bit-vec v0.4.4
[INFO] [stderr]    Compiling ena v0.5.0
[INFO] [stderr]     Checking utf8-ranges v1.0.0
[INFO] [stderr]    Compiling regex v1.0.0
[INFO] [stderr]     Checking ucd-util v0.1.1
[INFO] [stderr]     Checking cfg-if v0.1.3
[INFO] [stderr]     Checking termcolor v0.3.6
[INFO] [stderr]     Checking vec_map v0.6.0
[INFO] [stderr]     Checking bitflags v0.7.0
[INFO] [stderr]    Compiling proc-macro2 v0.3.8
[INFO] [stderr]    Compiling phf_shared v0.7.22
[INFO] [stderr]     Checking memchr v1.0.2
[INFO] [stderr]     Checking memchr v2.0.1
[INFO] [stderr]     Checking term_size v0.2.1
[INFO] [stderr]     Checking atty v0.2.10
[INFO] [stderr]    Compiling itertools v0.7.8
[INFO] [stderr]    Compiling unreachable v1.0.0
[INFO] [stderr]    Compiling unreachable v0.1.1
[INFO] [stderr]     Checking humantime v1.1.1
[INFO] [stderr]     Checking log v0.4.1
[INFO] [stderr]     Checking regex-syntax v0.6.0
[INFO] [stderr]    Compiling bit-set v0.4.0
[INFO] [stderr]     Checking aho-corasick v0.6.3
[INFO] [stderr]    Compiling kernel32-sys v0.2.2
[INFO] [stderr]    Compiling petgraph v0.4.10
[INFO] [stderr]     Checking clap v2.20.0
[INFO] [stderr]    Compiling rand v0.4.2
[INFO] [stderr]    Compiling thread_local v0.3.4
[INFO] [stderr]    Compiling debug_unreachable v0.1.1
[INFO] [stdout] error: missing fragment specifier
[INFO] [stdout]    --> /opt/rustwide/cargo-home/registry/src/github.com-1ecc6299db9ec823/clap-2.20.0/src/macros.rs:621:41
[INFO] [stdout]     |
[INFO] [stdout] 621 |     (@arg ($arg:expr) $modes:tt !$ident $($tail:tt)*) => {
[INFO] [stdout]     |                                         ^
[INFO] [stdout] 
[INFO] [stdout] 
[INFO] [stderr]    Compiling quote v0.5.2
[INFO] [stderr]     Checking regex v0.2.2
[INFO] [stderr]    Compiling atty v0.1.2
[INFO] [stderr]    Compiling syn v0.13.7
[INFO] [stderr]    Compiling phf_generator v0.7.22
[INFO] [stdout] error[E0034]: multiple applicable items in scope
[INFO] [stdout]     --> /opt/rustwide/cargo-home/registry/src/github.com-1ecc6299db9ec823/petgraph-0.4.10/src/graph_impl/stable_graph/mod.rs:1173:19
[INFO] [stdout]      |
[INFO] [stdout] 1173 |         self.iter.find_map(|(i, node)| {
[INFO] [stdout]      |                   ^^^^^^^^ multiple `find_map` found
[INFO] [stdout]      |
[INFO] [stdout] note: candidate #1 is defined in an impl of the trait `IterUtilsExt` for the type `I`
[INFO] [stdout]     --> /opt/rustwide/cargo-home/registry/src/github.com-1ecc6299db9ec823/petgraph-0.4.10/src/iter_utils.rs:5:5
[INFO] [stdout]      |
[INFO] [stdout] 5    | /     fn find_map<F, R>(&mut self, mut f: F) -> Option<R>
[INFO] [stdout] 6    | |         where F: FnMut(Self::Item) -> Option<R>
[INFO] [stdout]      | |_______________________________________________^
[INFO] [stdout]      = note: candidate #2 is defined in an impl of the trait `Iterator` for the type `Enumerate<I>`
[INFO] [stdout] help: disambiguate the associated function for candidate #1
[INFO] [stdout]      |
[INFO] [stdout] 1173 |         IterUtilsExt::find_map(&mut self.iter, |(i, node)| {
[INFO] [stdout] 1174 |             node.weight.as_ref().map(move |w| (node_index(i), w))
[INFO] [stdout] 1175 |         })
[INFO] [stdout]      |
[INFO] [stdout] help: disambiguate the associated function for candidate #2
[INFO] [stdout]      |
[INFO] [stdout] 1173 |         Iterator::find_map(&mut self.iter, |(i, node)| {
[INFO] [stdout] 1174 |             node.weight.as_ref().map(move |w| (node_index(i), w))
[INFO] [stdout] 1175 |         })
[INFO] [stdout]      |
[INFO] [stdout] 
[INFO] [stdout] 
[INFO] [stdout] error[E0034]: multiple applicable items in scope
[INFO] [stdout]     --> /opt/rustwide/cargo-home/registry/src/github.com-1ecc6299db9ec823/petgraph-0.4.10/src/graph_impl/stable_graph/mod.rs:1365:19
[INFO] [stdout]      |
[INFO] [stdout] 1365 |         self.iter.find_map(|(i, edge)|
[INFO] [stdout]      |                   ^^^^^^^^ multiple `find_map` found
[INFO] [stdout]      |
[INFO] [stdout] note: candidate #1 is defined in an impl of the trait `IterUtilsExt` for the type `I`
[INFO] [stdout]     --> /opt/rustwide/cargo-home/registry/src/github.com-1ecc6299db9ec823/petgraph-0.4.10/src/iter_utils.rs:5:5
[INFO] [stdout]      |
[INFO] [stdout] 5    | /     fn find_map<F, R>(&mut self, mut f: F) -> Option<R>
[INFO] [stdout] 6    | |         where F: FnMut(Self::Item) -> Option<R>
[INFO] [stdout]      | |_______________________________________________^
[INFO] [stdout]      = note: candidate #2 is defined in an impl of the trait `Iterator` for the type `Enumerate<I>`
[INFO] [stdout] help: disambiguate the associated function for candidate #1
[INFO] [stdout]      |
[INFO] [stdout] 1365 |         IterUtilsExt::find_map(&mut self.iter, |(i, edge)|
[INFO] [stdout] 1366 |             edge.weight.as_ref().map(move |weight| {
[INFO] [stdout] 1367 |                 EdgeReference {
[INFO] [stdout] 1368 |                     index: edge_index(i),
[INFO] [stdout] 1369 |                     node: edge.node,
[INFO] [stdout] 1370 |                     weight: weight,
[INFO] [stdout]    ...
[INFO] [stdout] help: disambiguate the associated function for candidate #2
[INFO] [stdout]      |
[INFO] [stdout] 1365 |         Iterator::find_map(&mut self.iter, |(i, edge)|
[INFO] [stdout] 1366 |             edge.weight.as_ref().map(move |weight| {
[INFO] [stdout] 1367 |                 EdgeReference {
[INFO] [stdout] 1368 |                     index: edge_index(i),
[INFO] [stdout] 1369 |                     node: edge.node,
[INFO] [stdout] 1370 |                     weight: weight,
[INFO] [stdout]    ...
[INFO] [stdout] 
[INFO] [stdout] 
[INFO] [stdout] error[E0034]: multiple applicable items in scope
[INFO] [stdout]     --> /opt/rustwide/cargo-home/registry/src/github.com-1ecc6299db9ec823/petgraph-0.4.10/src/graph_impl/stable_graph/mod.rs:1529:19
[INFO] [stdout]      |
[INFO] [stdout] 1529 |         self.iter.find_map(|(i, node)| {
[INFO] [stdout]      |                   ^^^^^^^^ multiple `find_map` found
[INFO] [stdout]      |
[INFO] [stdout] note: candidate #1 is defined in an impl of the trait `IterUtilsExt` for the type `I`
[INFO] [stdout]     --> /opt/rustwide/cargo-home/registry/src/github.com-1ecc6299db9ec823/petgraph-0.4.10/src/iter_utils.rs:5:5
[INFO] [stdout]      |
[INFO] [stdout] 5    | /     fn find_map<F, R>(&mut self, mut f: F) -> Option<R>
[INFO] [stdout] 6    | |         where F: FnMut(Self::Item) -> Option<R>
[INFO] [stdout]      | |_______________________________________________^
[INFO] [stdout]      = note: candidate #2 is defined in an impl of the trait `Iterator` for the type `Enumerate<I>`
[INFO] [stdout] help: disambiguate the associated function for candidate #1
[INFO] [stdout]      |
[INFO] [stdout] 1529 |         IterUtilsExt::find_map(&mut self.iter, |(i, node)| {
[INFO] [stdout] 1530 |             if node.weight.is_some() {
[INFO] [stdout] 1531 |                 Some(node_index(i))
[INFO] [stdout] 1532 |             } else { None }
[INFO] [stdout] 1533 |         })
[INFO] [stdout]      |
[INFO] [stdout] help: disambiguate the associated function for candidate #2
[INFO] [stdout]      |
[INFO] [stdout] 1529 |         Iterator::find_map(&mut self.iter, |(i, node)| {
[INFO] [stdout] 1530 |             if node.weight.is_some() {
[INFO] [stdout] 1531 |                 Some(node_index(i))
[INFO] [stdout] 1532 |             } else { None }
[INFO] [stdout] 1533 |         })
[INFO] [stdout]      |
[INFO] [stdout] 
[INFO] [stdout] 
[INFO] [stdout] error[E0034]: multiple applicable items in scope
[INFO] [stdout]     --> /opt/rustwide/cargo-home/registry/src/github.com-1ecc6299db9ec823/petgraph-0.4.10/src/graph_impl/stable_graph/mod.rs:1575:19
[INFO] [stdout]      |
[INFO] [stdout] 1575 |         self.iter.find_map(|(i, node)| {
[INFO] [stdout]      |                   ^^^^^^^^ multiple `find_map` found
[INFO] [stdout]      |
[INFO] [stdout] note: candidate #1 is defined in an impl of the trait `IterUtilsExt` for the type `I`
[INFO] [stdout]     --> /opt/rustwide/cargo-home/registry/src/github.com-1ecc6299db9ec823/petgraph-0.4.10/src/iter_utils.rs:5:5
[INFO] [stdout]      |
[INFO] [stdout] 5    | /     fn find_map<F, R>(&mut self, mut f: F) -> Option<R>
[INFO] [stdout] 6    | |         where F: FnMut(Self::Item) -> Option<R>
[INFO] [stdout]      | |_______________________________________________^
[INFO] [stdout]      = note: candidate #2 is defined in an impl of the trait `Iterator` for the type `Enumerate<I>`
[INFO] [stdout] help: disambiguate the associated function for candidate #1
[INFO] [stdout]      |
[INFO] [stdout] 1575 |         IterUtilsExt::find_map(&mut self.iter, |(i, node)| {
[INFO] [stdout] 1576 |             if node.weight.is_some() {
[INFO] [stdout] 1577 |                 Some(edge_index(i))
[INFO] [stdout] 1578 |             } else { None }
[INFO] [stdout] 1579 |         })
[INFO] [stdout]      |
[INFO] [stdout] help: disambiguate the associated function for candidate #2
[INFO] [stdout]      |
[INFO] [stdout] 1575 |         Iterator::find_map(&mut self.iter, |(i, node)| {
[INFO] [stdout] 1576 |             if node.weight.is_some() {
[INFO] [stdout] 1577 |                 Some(edge_index(i))
[INFO] [stdout] 1578 |             } else { None }
[INFO] [stdout] 1579 |         })
[INFO] [stdout]      |
[INFO] [stdout] 
[INFO] [stdout] 
[INFO] [stderr]    Compiling string_cache_codegen v0.4.1
[INFO] [stderr]    Compiling generic-array v0.9.0
[INFO] [stdout] error: aborting due to 4 previous errors
[INFO] [stdout] 
[INFO] [stdout] 
[INFO] [stdout] For more information about this error, try `rustc --explain E0034`.
[INFO] [stdout] 
[INFO] [stderr] error: could not compile `petgraph`.
[INFO] [stderr] 
[INFO] [stderr] To learn more, run the command again with --verbose.
[INFO] [stderr] warning: build failed, waiting for other jobs to finish...
[INFO] [stdout] error: aborting due to previous error
[INFO] [stdout] 
[INFO] [stdout] 
[INFO] [stderr] error: build failed
[INFO] running `Command { std: "docker" "inspect" "1aef211c887b502fe05a60acc7aae05ee66bfe81ad68ee9a9baac3d26b1243dc", kill_on_drop: false }`
[INFO] running `Command { std: "docker" "rm" "-f" "1aef211c887b502fe05a60acc7aae05ee66bfe81ad68ee9a9baac3d26b1243dc", kill_on_drop: false }`
[INFO] [stdout] 1aef211c887b502fe05a60acc7aae05ee66bfe81ad68ee9a9baac3d26b1243dc
